{"id":20,"date":"2024-10-19T10:00:09","date_gmt":"2024-10-19T08:00:09","guid":{"rendered":"https:\/\/btf.ovh\/?page_id=20"},"modified":"2024-11-25T18:41:06","modified_gmt":"2024-11-25T17:41:06","slug":"lycee-de-beauregard","status":"publish","type":"page","link":"https:\/\/btf.ovh\/?page_id=20","title":{"rendered":"Lyc\u00e9e de Beauregard, Montbrison, France"},"content":{"rendered":"<div class=\"wp-block-image\">\n<figure class=\"aligncenter size-full is-resized\"><a href=\"https:\/\/beauregard.ent.auvergnerhonealpes.fr\/\" target=\"_blank\" rel=\" noreferrer noopener\"><img decoding=\"async\" src=\"https:\/\/btf.ovh\/wp-content\/uploads\/2024\/11\/LOGO-beauregard-fond-bleu-SVG.svg\" alt=\"\" class=\"wp-image-85\" style=\"width:112px;height:auto\"\/><\/a><\/figure>\n<\/div>\n\n\n<p>Notre \u00e9tablissement est le lyc\u00e9e g\u00e9n\u00e9ral et technologique de Beauregard \u00e0 Montbrison. Il accueille environ 1350 lyc\u00e9ens, ainsi que des \u00e9tudiants en BTS Technico-commercial et Profession Immobili\u00e8re. Nous sommes une \u00e9quipe de 95 professeurs ainsi que 45 secr\u00e9taires, administratifs et techniciens. Notre lyc\u00e9e est \u00e0 la fois g\u00e9n\u00e9ral et technologique : Pour la formation g\u00e9n\u00e9rale, les \u00e9l\u00e8ves de premi\u00e8re et terminale ont le choix entre 11 sp\u00e9cialit\u00e9s. L\u2019option musique est aussi pr\u00e9sente. Elle s&rsquo;appuie notamment sur une formation d&rsquo;excellence en chant chorale dispens\u00e9e par le d\u00e9partement dans notre ville.<br>Le d\u00e9partement technologique comprend une section STMG \u00ab\u00a0commerce et \u00e9conomie\u00a0\u00bb (5 classes) et une section STI2D \u00ab\u00a0sciences et technologies de l&rsquo;industrie et du d\u00e9veloppement durable\u00a0\u00bb (4 classes). Cette fili\u00e8re est pr\u00e9curseur dans l&rsquo;approche du D.D. des enseignants ont donc port\u00e9 depuis longtemps des projets avec ce th\u00e8me au lyc\u00e9e. Cette ann\u00e9e ils ont mis en place une v\u00e9ritable formation et organisent une journ\u00e9e d&rsquo;action avec les \u00e9cod\u00e9l\u00e9gu\u00e9s. <br>Notre lyc\u00e9e est situ\u00e9 \u00e0 2h de train de Lyon et \u00e0 5h de Paris. Malgr\u00e9 sa position assez excentr\u00e9e et isol\u00e9e, notre \u00e9cole ouvre ses portes \u00e0 l&rsquo;Europe et au reste du monde.<\/p>\n\n\n\n<p>Impliqu\u00e9 dans des projets Com\u00e9nius\/Erasmus depuis 2011, notre lyc\u00e9e continue son engagement europ\u00e9en. L\u2019ouverture \u00e0 l\u2019international est le deuxi\u00e8me axe de notre projet d\u2019\u00e9tablissement. Les \u00e9quipes ont depuis \u00e9t\u00e9 enti\u00e8rement renouvel\u00e9es au fil des mutations mais l\u2019implication des coll\u00e8gues est toujours forte.<br>Le projet Erasmus+ GELY 2016-2019 fut un succ\u00e8s. En effet, la cr\u00e9ation par les \u00e9l\u00e8ves de STI2D de la cabine t\u00e9l\u00e9phonique avec ses panneaux solaires et ses prises de rechargement des t\u00e9l\u00e9phones a suscit\u00e9 un engouement des \u00e9l\u00e8ves pour l\u2019\u00e9cologie et Erasmus+ au sein de l\u2019\u00e9tablissement. les retomb\u00e9es sont toujours pr\u00e9sentes. Le projet suivant DELY, fut un demi succ\u00e8s \u00e0 cause de la crise du covid mais nous a permis de renforcer notre exp\u00e9rience dans les \u00e9changes avec nos<br>partenaires et notamment en visioconf\u00e9rence. Le dernier projet MEET4T fut \u00e9galement un succ\u00e8s, nous avons nou\u00e9 un partenariat suppl\u00e9mentaire avec un lyc\u00e9e du Portugal. Nous avons r\u00e9alis\u00e9 les bilans carbone des 4 partenaires et trouv\u00e9 des solutions, en parties mises en \u0153uvre pour faire baisser nos \u00e9missions de carbone.<br>Les services de l\u2019intendance participent activement pour les r\u00e9servations de transport, les visites, l\u2019accueil des partenaires.<br>Au service de ce projet, notre proviseur nous encourage et nous aide dans la mise en \u0153uvre du projet.<br>Nous avons conserv\u00e9 notre pr\u00e9c\u00e9dente \u00e9quipe de 4 personnes : Mathias Mercier qui enseigne la technologie, Alo\u00efs Forestier, professeur d&rsquo;EPS, Elisabeth Levesque et Johana Le Scornet qui enseignent respectivement les SVT et la philosophie.<br>M. Mercier enseigne aussi le d\u00e9veloppement durable au sein de ses cours de STI2D depuis bient\u00f4t 12 ans et poss\u00e8de une solide expertise sur ces questions ainsi que sur la partie administrative. M. Forestier est \u00e9galement tr\u00e8s bien form\u00e9 sur le d\u00e9veloppement durable et a de bonnes notions d&rsquo;architecture. Mmes Levesque et Le Scornet maitrisent plusieurs langues et font elles aussi partie de l&rsquo;\u00e9quipe depuis plusieurs ann\u00e9es. Leurs comp\u00e9tences en gestion de projet et communication sont tr\u00e8s fortes (organisation des concours d&rsquo;\u00e9loquence par exemple). En cas de mutation, nous pourrions compter sur d&rsquo;autres coll\u00e8gues, investis au sein de l&rsquo;\u00e9quipe en charge de l&rsquo;\u00e9ducation au d\u00e9veloppement durable au lyc\u00e9e.<\/p>\n\n\n\n<p class=\"has-text-align-center\"><a href=\"https:\/\/beauregard.ent.auvergnerhonealpes.fr\/\" target=\"_blank\" rel=\"noreferrer noopener\">https:\/\/beauregard.ent.auvergnerhonealpes.fr\/<\/a><\/p>\n","protected":false},"excerpt":{"rendered":"<p>Notre \u00e9tablissement est le lyc\u00e9e g\u00e9n\u00e9ral et technologique de Beauregard \u00e0 Montbrison. Il accueille environ 1350 lyc\u00e9ens, ainsi que des \u00e9tudiants en BTS Technico-commercial et Profession Immobili\u00e8re. Nous sommes une \u00e9quipe de 95 professeurs ainsi que 45 secr\u00e9taires, administratifs et techniciens. Notre lyc\u00e9e est \u00e0 la fois g\u00e9n\u00e9ral et technologique : Pour la formation g\u00e9n\u00e9rale, <a class=\"more-link\" href=\"https:\/\/btf.ovh\/?page_id=20\">Lire plus &#8230;<\/a><\/p>\n","protected":false},"author":1,"featured_media":0,"parent":0,"menu_order":0,"comment_status":"closed","ping_status":"closed","template":"","meta":{"ngg_post_thumbnail":0,"footnotes":""},"class_list":["post-20","page","type-page","status-publish","hentry"],"_links":{"self":[{"href":"https:\/\/btf.ovh\/index.php?rest_route=\/wp\/v2\/pages\/20","targetHints":{"allow":["GET"]}}],"collection":[{"href":"https:\/\/btf.ovh\/index.php?rest_route=\/wp\/v2\/pages"}],"about":[{"href":"https:\/\/btf.ovh\/index.php?rest_route=\/wp\/v2\/types\/page"}],"author":[{"embeddable":true,"href":"https:\/\/btf.ovh\/index.php?rest_route=\/wp\/v2\/users\/1"}],"replies":[{"embeddable":true,"href":"https:\/\/btf.ovh\/index.php?rest_route=%2Fwp%2Fv2%2Fcomments&post=20"}],"version-history":[{"count":6,"href":"https:\/\/btf.ovh\/index.php?rest_route=\/wp\/v2\/pages\/20\/revisions"}],"predecessor-version":[{"id":87,"href":"https:\/\/btf.ovh\/index.php?rest_route=\/wp\/v2\/pages\/20\/revisions\/87"}],"wp:attachment":[{"href":"https:\/\/btf.ovh\/index.php?rest_route=%2Fwp%2Fv2%2Fmedia&parent=20"}],"curies":[{"name":"wp","href":"https:\/\/api.w.org\/{rel}","templated":true}]}}