{"id":218,"date":"2025-10-05T17:51:20","date_gmt":"2025-10-05T15:51:20","guid":{"rendered":"https:\/\/btf.ovh\/?page_id=218"},"modified":"2025-10-05T17:51:20","modified_gmt":"2025-10-05T15:51:20","slug":"elio-possoz-auteur-de-romans-de-science-fiction","status":"publish","type":"page","link":"https:\/\/btf.ovh\/?page_id=218","title":{"rendered":"Elio Possoz, auteur de romans de science-fiction"},"content":{"rendered":"\n<p><\/p>\n\n\n\n<p>En ce second mardi de septembre 2025, nous avons eu la chance de recevoir un auteur \u00e0 Beauregard.<\/p>\n\n\n\n<p>Elio Possoz, auteur du roman de science-fiction\u00a0\u00ab\u00a0Les mains vides\u00a0\u00bb et de l\u2019histoire dont vous \u00eates le h\u00e9ros \u00absolar city\u00bb est venu tout l\u2019apr\u00e8s-midi pour travailler avec nous. Apr\u00e8s une pr\u00e9sentation de son travail et de son univers nous avons commenc\u00e9 \u00e0 imaginer, nous aussi, une histoire dont vous \u00eates le h\u00e9ros.<br>Pour coller au th\u00e8me de notre projet nous avons d\u00e9cid\u00e9 de nous projeter en 2050 (ou un peu plus tard) dans un monde sans p\u00e9trole. Nos enfants d\u00e9couvrent que nous avons fait un \u00e9change Erasmus avec notamment un lyc\u00e9e de Berlin et d\u00e9cident de s\u2019y rendre pour r\u00e9soudre un myst\u00e8re.<br>Nous avons \u00e9crit pendant presque 3h, de mani\u00e8re collaborative pour commencer, puis individuellement, chacun notre bout d\u2019histoire.<br>Le r\u00e9sultat est une mini aventure dont vous \u00eates le h\u00e9ros que vous pourrez lire tr\u00e8s prochainement ici.<\/p>\n\n\n\n<figure class=\"wp-block-image size-large\"><img loading=\"lazy\" decoding=\"async\" width=\"768\" height=\"1024\" src=\"https:\/\/btf.ovh\/wp-content\/uploads\/2025\/10\/Elio1-768x1024.jpg\" alt=\"\" class=\"wp-image-219\" srcset=\"https:\/\/btf.ovh\/wp-content\/uploads\/2025\/10\/Elio1-768x1024.jpg 768w, https:\/\/btf.ovh\/wp-content\/uploads\/2025\/10\/Elio1-225x300.jpg 225w, https:\/\/btf.ovh\/wp-content\/uploads\/2025\/10\/Elio1-1152x1536.jpg 1152w, https:\/\/btf.ovh\/wp-content\/uploads\/2025\/10\/Elio1-1536x2048.jpg 1536w, https:\/\/btf.ovh\/wp-content\/uploads\/2025\/10\/Elio1-scaled.jpg 1920w\" sizes=\"auto, (max-width: 768px) 100vw, 768px\" \/><\/figure>\n\n\n\n<figure class=\"wp-block-image size-large\"><img loading=\"lazy\" decoding=\"async\" width=\"1024\" height=\"768\" src=\"https:\/\/btf.ovh\/wp-content\/uploads\/2025\/10\/Elio2-1024x768.jpg\" alt=\"\" class=\"wp-image-220\" srcset=\"https:\/\/btf.ovh\/wp-content\/uploads\/2025\/10\/Elio2-1024x768.jpg 1024w, https:\/\/btf.ovh\/wp-content\/uploads\/2025\/10\/Elio2-300x225.jpg 300w, https:\/\/btf.ovh\/wp-content\/uploads\/2025\/10\/Elio2-768x576.jpg 768w, https:\/\/btf.ovh\/wp-content\/uploads\/2025\/10\/Elio2-1536x1152.jpg 1536w, https:\/\/btf.ovh\/wp-content\/uploads\/2025\/10\/Elio2-2048x1536.jpg 2048w\" sizes=\"auto, (max-width: 1024px) 100vw, 1024px\" \/><\/figure>\n","protected":false},"excerpt":{"rendered":"<p>En ce second mardi de septembre 2025, nous avons eu la chance de recevoir un auteur \u00e0 Beauregard. Elio Possoz, auteur du roman de science-fiction\u00a0\u00ab\u00a0Les mains vides\u00a0\u00bb et de l\u2019histoire dont vous \u00eates le h\u00e9ros \u00absolar city\u00bb est venu tout l\u2019apr\u00e8s-midi pour travailler avec nous. Apr\u00e8s une pr\u00e9sentation de son travail et de son univers <a class=\"more-link\" href=\"https:\/\/btf.ovh\/?page_id=218\">Lire plus &#8230;<\/a><\/p>\n","protected":false},"author":1,"featured_media":0,"parent":0,"menu_order":0,"comment_status":"closed","ping_status":"closed","template":"","meta":{"ngg_post_thumbnail":0,"footnotes":""},"class_list":["post-218","page","type-page","status-publish","hentry"],"_links":{"self":[{"href":"https:\/\/btf.ovh\/index.php?rest_route=\/wp\/v2\/pages\/218","targetHints":{"allow":["GET"]}}],"collection":[{"href":"https:\/\/btf.ovh\/index.php?rest_route=\/wp\/v2\/pages"}],"about":[{"href":"https:\/\/btf.ovh\/index.php?rest_route=\/wp\/v2\/types\/page"}],"author":[{"embeddable":true,"href":"https:\/\/btf.ovh\/index.php?rest_route=\/wp\/v2\/users\/1"}],"replies":[{"embeddable":true,"href":"https:\/\/btf.ovh\/index.php?rest_route=%2Fwp%2Fv2%2Fcomments&post=218"}],"version-history":[{"count":1,"href":"https:\/\/btf.ovh\/index.php?rest_route=\/wp\/v2\/pages\/218\/revisions"}],"predecessor-version":[{"id":221,"href":"https:\/\/btf.ovh\/index.php?rest_route=\/wp\/v2\/pages\/218\/revisions\/221"}],"wp:attachment":[{"href":"https:\/\/btf.ovh\/index.php?rest_route=%2Fwp%2Fv2%2Fmedia&parent=218"}],"curies":[{"name":"wp","href":"https:\/\/api.w.org\/{rel}","templated":true}]}}